Let z(a) = a**2 - 2*a + 7. Let p(b) = 3*v(b) - 2*z(b). What are the prime factors of p(0)?
7
Suppose 2*g = 2*k + 4, 5*g - 34 = 3*g - 4*k. Suppose -w = -0*w - g. List the prime factors of w.
7
Let w be ((-100)/(-3))/((-3)/(-9)). Let y = w + -70. Suppose 2*s - y = -3*s. What are the prime factors of s?
2, 3
Suppose 5*j = -c + 156, -j - 5*c = 3*j - 108. What are the prime factors of j?
2
Let i(o) = -o**2 - 16*o - 1. List the prime factors of i(-15).
2, 7
Let j(b) = 12*b - 1. Let h be 5/4*(-3 + -1). Let y = -4 - h. List the prime factors of j(y).
11
Let j = -38 + -13. Let x = j + 75. List the prime factors of x.
2, 3
Suppose 5*b = 4*h + 2, -5*h = -h - b - 6. Suppose 5*d - 18 = -h*q, -8 = 4*d - q - 3*q. Suppose -5*p + 13 = -7, -d*i = -p - 6. List the prime factors of i.
5
Suppose 6 = 4*r - 10. Suppose 0 = r*b + 5*j - 62, 3*j - 4 = 2. What are the prime factors of b?
13
Let o = 36 + -72. List the prime factors of (2/(-6))/(4/o).
3
Let d(o) = -o**2. Let f(s) = -s**2 + 2*s + 1. Let j(m) = -4*d(m) - f(m). List the prime factors of j(-2).
23
Let q(w) = -7*w - 18. Suppose 3*j + 36 = -2*f - j, -4*j - 4 = -2*f. What are the prime factors of q(f)?
2, 19
Let u = 10 - 19. Let q = u - -29. List the prime factors of q.
2, 5
List the prime factors of 78/(-3 - (-10)/2).
3, 13
Let a(t) = -8*t + 1. Let g be (-18)/(-12)*8/(-6). What are the prime factors of a(g)?
17
Suppose 0 = -q - 3*l - 1, -2*l = -0*q - q + 4. Suppose 3*m - 40 = q*m. Suppose 9*g - 4*g - m = 0. What are the prime factors of g?
2
Let h(m) = -m**3 + 8*m**2 + m + 14. List the prime factors of h(7).
2, 5, 7
What are the prime factors of (-2994)/(-14) + 1/7?
2, 107
Let d = 0 - -18. Let r be d/15*(-1 - -26). Suppose -r = -5*n - 6*f + f, 0 = 5*n + 3*f - 40. What are the prime factors of n?
11
What are the prime factors of (0 + -1)/(3/(-261)*3)?
29
Let r(n) = -n**3 - 4*n**2 + 2*n + 3. Let k be r(-2). Let a be k - (2 + (-6)/3). Let h(v) = -v - 2. List the prime factors of h(a).
7
Let w = -9 + 0. List the prime factors of w/21 - (-412)/14.
29
Let f = 42 - 37. What are the prime factors of f?
5
Suppose -s + 3*s + 100 = 4*h, 0 = h - 2*s - 22. What are the prime factors of h?
2, 13
Suppose -4*m + 292 = 3*f + 5, 0 = 4*f - m - 389. List the prime factors of f.
97
Let x(l) = l**3 + 4*l**2 - 6*l - 1. Let c = -2 - 3. Let v be x(c). Suppose -u - 1 = -v. What are the prime factors of u?
3
Suppose -2*k + 4*s = 36, -4*s + 0*s + 12 = -k. List the prime factors of (-2 + k/(-9))*18.
2, 3
Let n(h) = -6*h**2 - 5*h - 9. Let d(k) = k**3 + k**2 + 1. Let z(c) = -d(c) - n(c). Let q be z(6). Suppose 3*w - 50 = -q*w. List the prime factors of w.
2, 5
Let c(b) = -b**2 + 36. List the prime factors of c(0).
2, 3
Suppose -250 = 2*c - 12*c. What are the prime factors of c?
5
Let f be 78/3 - (-1 + 0). Suppose -4*z - 20 = 0, 3*z + 2*z = w - f. What are the prime factors of w?
2
Let l(k) = 12*k - 8. What are the prime factors of l(4)?
2, 5
Suppose -12*w = -869 - 1231. What are the prime factors of w?
5, 7
Suppose -15*p - 105 = -20*p. List the prime factors of p.
3, 7
Let n = 4 - 5. Let w be 6/(-3 + n/(-1)). List the prime factors of (4 - -1) + w + 3.
5
List the prime factors of 4/14 - (-2387)/49.
7
Suppose 0*a - a = 3*c - 22, -3*c - 78 = -3*a. Suppose 0 = -4*o - 5*r - a, 3*r = 2 - 17. Suppose o = -s + 13 + 3. List the prime factors of s.
2
Let d(s) = 2*s + 2. Suppose -4*q - 6 = -5*x, 0 = -2*x + 2*q + 1 + 1. Let w be d(x). Suppose f = 4*j - 5 - w, 5*j - 70 = -5*f. What are the prime factors of f?
3
Let s(u) = -4*u - 3. Let f = -3 - 0. What are the prime factors of s(f)?
3
Suppose 117 + 18 = 5*g. List the prime factors of g.
3
Suppose 0 = -2*y + 239 + 111. What are the prime factors of y?
5, 7
Let t = 19 + -19. Suppose 0*q + 6 = x + 2*q, t = -4*x - 5*q + 33. List the prime factors of x.
2, 3
Suppose -2*x - u = -1, 5*x - 2*u + 4 = 2. What are the prime factors of 6/(-18)*(-36 - x)?
2, 3
Let d(r) = -2*r**2 - 3*r + 3. Let y = -5 + 2. Let f(b) = -b**2 + b - 1. Let c(l) = y*f(l) - d(l). List the prime factors of c(1).
5
Suppose 4*o - 162 = 2*v, o + 10*v - 5*v = 57. Suppose 5*h + 2 = o. What are the prime factors of h?
2
Let m be -3*6/(-3) + -2. Suppose 2*z - 26 = u - 0*u, -z = m*u - 13. List the prime factors of z.
13
Let a = 45 + 244. What are the prime factors of a?
17
Suppose 4*d + p = 53, -6*d - 5*p + 73 = -2*d. Suppose d = x + 3*k - 24, 5*x = -k + 110. List the prime factors of x.
3, 7
Suppose 3*m + 6*x - 56 = 2*x, 0 = m + 2*x - 22. Suppose 0 = -g - 2*u + 12 + m, 0 = 5*u. What are the prime factors of g?
2, 3
Suppose -3 = -5*q + 2*q. Let w be q/2*14*4. List the prime factors of 4/14 - (-160)/w.
2, 3
What are the prime factors of 93/3 - (-2 + -1)?
2, 17
Let s(d) = d**3 - 5*d**2 + 5*d - 6. Let l be s(4). Let o = 5 - l. List the prime factors of o.
7
Let b = -21 - -25. Suppose b*n - 2*n - 4 = 2*f, -4*n = 3*f - 43. What are the prime factors of n?
7
Suppose 0 = g + g - 4*n - 190, -4*g + 328 = 5*n. What are the prime factors of (0 - (-1)/3)*g?
29
What are the prime factors of 2/6 - 368/(-12)?
31
Let f(o) = 24*o - 10. What are the prime factors of f(4)?
2, 43
Suppose -3*j = j - 584. What are the prime factors of j?
2, 73
Suppose 3*j = 17 + 1. Suppose -2*q - 84 = -j*q. List the prime factors of q.
3, 7
Suppose 3*a - 5*q = 4*a - 212, -a = 4*q - 212. What are the prime factors of a?
2, 53
Let r(x) = x**3 + x**2 + x + 3. Let n be r(-3). List the prime factors of (-338)/n - 4/(-18).
19
Let b(g) = g**3 + 6*g**2 - 2*g. Suppose 3*p + 19 - 1 = 0. What are the prime factors of b(p)?
2, 3
Let t = -36 - -71. List the prime factors of t.
5, 7
Suppose -3*w + 3*q = -0*w - 15, -w + 3*q = -3. Suppose -4*s = -3*g - 16, -3*s + 4*g = -w*s - 13. List the prime factors of (20/2)/(1 + s).
5
Suppose 4*s + 23 = -9. Let i = 16 - s. List the prime factors of i.
2, 3
Let l = 7 + -4. Let g(y) = -3 + l*y + 0*y**2 + 2*y**2 - 1. What are the prime factors of g(-4)?
2
Suppose 7*z = -4*y + 4*z + 23, 5*z = 25. List the prime factors of y.
2
Suppose 3*m - 2*v = 108, 0 = -3*m + m + 5*v + 61. List the prime factors of m.
2, 19
Let u be 0/(3/(1 + 2)). Let n(f) = -f**3 - f + 16. List the prime factors of n(u).
2
Let f(v) = 9*v - 1. Suppose -4*b + 14 = -2*z, 0 = 4*z + 3*b - 5*b + 4. What are the prime factors of f(z)?
2
Let y(x) be the third derivative of x**5/60 + x**4/12 - x**3/3 - 3*x**2. What are the prime factors of y(-4)?
2, 3
Let g(q) be the second derivative of q**4/4 + 13*q**3/6 + 5*q**2/2 + 5*q. What are the prime factors of g(-5)?
3, 5
Suppose -a - 11 = -2. Let p = a - -11. What are the prime factors of p?
2
Let k = 7 + 2. Suppose f - 25 = -k. What are the prime factors of f?
2
Let l = 22 - 16. Suppose l - 17 = -z. What are the prime factors of z?
11
Let h be (-8)/10*(7 + -2). Let u = 7 + h. Let l = u + 2. List the prime factors of l.
5
Suppose 2*w - 71 = 77. What are the prime factors of w?
2, 37
Let h(n) = -n**3 + 10*n**2 + n + 12. Let c be h(10). Suppose 2 = 2*t - c. List the prime factors of t.
2, 3
Let v(g) = 3*g**2 - 5*g - 3. List the prime factors of v(-2).
19
Let v = -48 + 87. What are the prime factors of v?
3, 13
Let m(q) = -q**3 - 2*q**2 + 1. Suppose -j + 2 = 4*u, u + 8*j + 9 = 3*j. Let g be (-3)/(1/u - 0). What are the prime factors of m(g)?
2, 5
Let p(k) = 1 - 2 - 2 - k - 3*k. What are the prime factors of p(-2)?
5
Let d(t) = -4*t + 1. Let z be d(-9). Let y = -19 + z. What are the prime factors of y?
2, 3
Suppose -8 = 4*w - 36. Let c be (-2)/w + (-121)/(-7). Let n = -12 + c. List the prime factors of n.
5
Let f(m) = -m**3 - 8*m**2 + 8*m - 6. Let o be f(-9). Let g(y) = y**3 - y**2 - y - 1. What are the prime factors of g(o)?
2, 7
Let g(i) = -i**3 + 6*i**2 + 8*i - 3. Let s be g(7). Suppose -s*c + 42 = 3*j, 2*c + 2 = j - 2. List the prime factors of j.
2, 5
Let q(n) = 3*n**2 - 2*n. Let u(g) = g + 5. Let m be u(-9). What are the prime factors of q(m)?
2, 7
Suppose 3*m = -5*y + 9 + 2, -3*y - 27 = -3*m. Let h = m + -4. Suppose -x + h*s = -s - 16, x = 5*s + 17. List the prime factors of x.
2, 3
Let m(a) be the first derivative of a**2/2 - 1. List the prime factors of m(4).
2
Let q(a) = -a**2 + a + 8. Let k be q(-7). What are the prime factors of (-1)/(-6) + (-664)/k?
2, 7
Let v be 0 + -4 - (-2 + 3). Let m(i) = -i + 6. Let l be m(-5). Let g = v + l. What are the prim